divided by 859.
562
What is the remainder when 200993 is divided by 1952?
1889
Calculate the remainder when 24933 is divided by 103.
7
What is the remainder when 40154 is divided by 5734?
16
What is the remainder when 5327 is divided by 82?
79
Calculate the remainder when 12133 is divided by 811.
779
Calculate the remainder when 49135 is divided by 4465.
20
Calculate the remainder when 64869 is divided by 983.
974
Calculate the remainder when 23324 is divided by 324.
320
What is the remainder when 121863 is divided by 693?
588
What is the remainder when 3265099 is divided by 25?
24
What is the remainder when 93745 is divided by 2286?
19
Calculate the remainder when 1681 is divided by 220.
141
What is the remainder when 4169 is divided by 258?
41
What is the remainder when 5067 is divided by 25?
17
What is the remainder when 31919 is divided by 6?
5
What is the remainder when 8178 is divided by 430?
8
What is the remainder when 65259 is divided by 13?
12
Calculate the remainder when 165377 is divided by 256.
1
What is the remainder when 4582 is divided by 1598?
1386
What is the remainder when 76430 is divided by 179?
176
Calculate the remainder when 18484 is divided by 8865.
754
Calculate the remainder when 127606 is divided by 230.
186
What is the remainder when 41044 is divided by 13224?
1372
What is the remainder when 32408 is divided by 953?
6
What is the remainder when 3962 is divided by 1712?
538
What is the remainder when 1306881 is divided by 44?
37
Calculate the remainder when 38508 is divided by 875.
8
Calculate the remainder when 10506 is divided by 2617.
38
Calculate the remainder when 3732 is divided by 11.
3
What is the remainder when 13343 is divided by 4436?
35
Calculate the remainder when 35231 is divided by 17592.
47
What is the remainder when 7013 is divided by 917?
594
What is the remainder when 465303 is divided by 222?
213
What is the remainder when 1313 is divided by 652?
9
Calculate the remainder when 267304 is divided by 897.
895
Calculate the remainder when 215888 is divided by 13.
10
What is the remainder when 1868 is divided by 372?
8
Calculate the remainder when 9506 is divided by 3119.
149
What is the remainder when 47293 is divided by 149?
60
What is the remainder when 27793 is divided by 70?
3
What is the remainder when 18445 is divided by 473?
471
Calculate the remainder when 3052642 is divided by 81.
76
What is the remainder when 14944 is divided by 1360?
1344
What is the remainder when 333055 is divided by 33?
19
What is the remainder when 2359 is divided by 177?
58
Calculate the remainder when 78138 is divided by 635.
33
What is the remainder when 277450 is divided by 63?
61
Calculate the remainder when 214556 is divided by 80.
76
Calculate the remainder when 27396 is divided by 9115.
51
What is the remainder when 131768 is divided by 135?
8
What is the remainder when 15825 is divided by 247?
17
Calculate the remainder when 34616 is divided by 2472.
8
Calculate the remainder when 486994 is divided by 942.
922
What is the remainder when 4995 is divided by 257?
112
Calculate the remainder when 6551 is divided by 177.
2
What is the remainder when 39053 is divided by 31?
24
What is the remainder when 128535 is divided by 579?
576
What is the remainder when 5559760 is divided by 169?
167
What is the remainder when 30802 is divided by 1705?
112
What is the remainder when 4664 is divided by 931?
9
What is the remainder when 412907 is divided by 788?
783
What is the remainder when 463 is divided by 402?
61
Calculate the remainder when 140400 is divided by 53.
3
What is the remainder when 7144 is divided by 654?
604
What is the remainder when 2558 is divided by 111?
5
What is the remainder when 75510 is divided by 678?
252
Calculate the remainder when 4969 is divided by 127.
16
What is the remainder when 20000 is divided by 2856?
8
Calculate the remainder when 117316 is divided by 214.
44
What is the remainder when 90178 is divided by 60?
58
What is the remainder when 105985 is divided by 183?
28
Calculate the remainder when 4387 is divided by 930.
667
What is the remainder when 5564 is divided by 230?
44
What is the remainder when 51361 is divided by 463?
431
What is the remainder when 184334 is divided by 15?
14
What is the remainder when 404403 is divided by 1313?
1312
Calculate the remainder when 3401 is divided by 705.
581
Calculate the remainder when 25139 is divided by 107.
101
What is the remainder when 236984 is divided by 237?
221
What is the remainder when 4200 is divided by 714?
630
Calculate the remainder when 69189 is divided by 1504.
5
What is the remainder when 8519 is divided by 573?
497
Calculate the remainder when 19388 is divided by 19349.
39
What is the remainder when 1092 is divided by 157?
150
Calculate the remainder when 885 is divided by 400.
85
Calculate the remainder when 37040 is divided by 12341.
17
Calculate the remainder when 2805 is divided by 923.
36
What is the remainder when 174592 is divided by 5?
2
What is the remainder when 20354 is divided by 2903?
33
Calculate the remainder when 86478 is divided by 22.
18
Calculate the remainder when 5619 is divided by 143.
42
What is the remainder when 37731 is divided by 37724?
7
Calculate the remainder when 476187 is divided by 78.
75
What is the remainder when 1084 is divided by 79?
57
Calculate the remainder when 2586 is divided by 2578.
8
What is the remainder when 60476 is divided by 352?
284
What is the remainder when 17389 is divided by 91?
8
Calculate the remainder when 6448830 is divided by 1472.
1470
Calculate the remainder when 7863 is divided by 30.
3
Calculate the remainder when 62888 is divided by 2428.
2188
Calculate the remainder when 40127 is divided by 6686.
11
Calculate the remainder when 6012 is divided by 1192.
52
What is the remainder when 174499 is divided by 87247?
5
What is the remainder when 721 is divided by 24?
1
Calculate the remainder when 14961 is divided by 93.
81
What is the remainder when 14587 is divided by 607?
19
Calculate the remainder when 26659 is divided by 2497.
1689
Calculate the remainder when 1965 is divided by 21.
12
What is the remainder when 25262 is divided by 99?
17
Calculate the remainder when 5998 is divided by 1630.
1108
Calculate the remainder when 16616 is divided by 61.
24
Calculate the remainder when 12174 is divided by 238.
36
What is the remainder when 947892 is divided by 181?
176
What is the remainder when 995064 is divided by 199011?
9
Calculate the remainder when 21974 is divided by 21.
8
What is the remainder when 8833 is divided by 226?
19
What is the remainder when 70677 is divided by 236?
113
Calculate the remainder when 2993 is divided by 143.
133
What is the remainder when 7847 is divided by 22?
15
Calculate the remainder when 3437 is divided by 83.
34
What is the remainder when 2072 is divided by 40?
32
What is the remainder when 4098 is divided by 502?
82
Calculate the remainder when 35779 is divided by 2981.
7
Calculate the remainder when 7154 is divided by 3560.
34
What is the remainder when 45898 is divided by 51?
49
What is the remainder when 1970 is divided by 227?
154
What is the remainder when 78473 is divided by 215?
213
What is the remainder when 1939 is divided by 9?
4
What is the remainder when 15657 is divided by 12?
9
Calculate the remainder when 13789 is divided by 83.
11
What is the remainder when 7094 is divided by 1378?
204
Calculate the remainder when 8082 is divided by 142.
130
Calculate the remainder when 10086 is divided by 62.
42
What is the remainder when 383481 is divided by 22?
21
What is the remainder when 94612 is divided by 101?
76
Calculate the remainder when 98046 is divided by 49015.
16
What is the remainder when 10525 is divided by 33?
31
Calculate the remainder when 4258 is divided by 187.
144
What is the remainder when 25220 is divided by 394?
4
What is the remainder when 149450 is divided by 247?
15
What is the remainder when 3611 is divided by 909?
884
What is the remainder when 289338 is divided by 460?
458
What is the remainder when 437088 is divided by 56?
8
What is the remainder when 207493 is divided by 74?
71
What is the remainder when 4521 is divided by 458?
399
What is the remainder when 2479 is divided by 104?
87
Calculate t